*y + s. Let v = -87 - y. Suppose -9*b = -17 + v. Calculate p(b).
-1
Let y = -10828 + 10818. Let s(j) = -j**3 - 10*j**2 + 14*j + 10. What is s(y)?
-130
Let s = 116 - 127. Let d(b) = b**2 + 9*b - 18. Let n be d(s). Let i(g) = -4*g - 4. What is i(n)?
-20
Let j(u) = -u**3 + 2*u**2 + 21. Let z(x) = -x**3 + 3*x**2 + 22. Let l(t) = -3*j(t) + 2*z(t). Let i(k) = -k**3 + 6*k**2 - 6*k + 5. Let r be i(5). What is l(r)?
-19
Suppose 21*i = -3*i - 550 + 646. Let k(h) be the second derivative of -13/6*h**3 + 1/12*h**i - 10*h + 0 + 13/2*h**2. Calculate k(12).
1
Let n(j) = 290*j - 11309. Let s be n(39). Let x(o) be the second derivative of 2*o**3/3 - o. Determine x(s).
4
Let q(o) = -o**2 - 2*o + 6. Let p(w) = -2*w**2 - 4*w + 12. Let l(v) = -4*p(v) + 9*q(v). Suppose 5*x + 33*t = 30*t - 18, 5*x + 2*t + 22 = 0. Give l(x).
-18
Suppose 0 = 2*g - 5 - 9. Suppose 0 = -g*y + 10*y. Suppose -4*n + 4*w + 16 = y, -2*n + 6*n = 2*w + 8. Let h(x) = -x**3 - x**2 - 9. Calculate h(n).
-9
Let r(w) be the first derivative of w**5/20 + w**4/4 + w**3/2 + w**2/2 + 76*w + 151. Let l(k) be the first derivative of r(k). What is l(-2)?
-1
Let d(j) = 9*j**3 + 4*j**2 - 25*j - 4. Let p(s) = 11*s**3 + 3*s**2 - 29*s - 5. Let w(b) = 6*d(b) - 5*p(b). Calculate w(8).
25
Let o(j) = j**3 + j**2 + j + 4. Let t(v) = v**3 - 2*v - 1. Let x be t(0). Let s be x/(-5) + -3 + (-48)/(-10). Suppose 0*n - s*n = 3*n. Give o(n).
4
Let t(y) be the third derivative of -y**4/24 + y**3/3 + 33*y**2. Suppose 0 = 13*c - 8*c. Suppose 2*v - 14 = -c. Calculate t(v).
-5
Let y(c) = 7*c + 13. Let r(a) = 7*a**3 + 6*a**2 + 14*a + 9. Let i be r(-1). What is y(i)?
-29
Let k be (70/(-112)*2)/(10/(-8)). Let m(v) = 94*v - 8. Calculate m(k).
86
Let t(u) = 0*u**2 + 10 + 10*u - 2 + u**2. Let y = 20757 + -20767. Calculate t(y).
8
Suppose 0*v = 5*i + 3*v + 634, 4*v = 5*i + 613. Let h = 141 + i. Let t(d) = d - 15. What is t(h)?
1
Suppose -3*d - 104 = d. Let v be ((-6)/(-9))/(3/(-108)). Let i = v - d. Let w(z) = z**3 - 2*z**2 + 3*z - 2. What is w(i)?
4
Let c(x) = -28*x**3 + 51*x**2 - 39*x + 14. Let n(u) = -5*u**3 + 10*u**2 - 8*u + 3. Let y(m) = -2*c(m) + 11*n(m). What is y(-9)?
14
Let v(x) = -x + 1. Let o(d) = -9*d - 39. Let p(m) = -o(m) + 6*v(m). Give p(-15).
0
Let k(t) be the first derivative of 3*t**4/4 + t**3 - t**2/2 + 2*t - 690. Calculate k(-3).
-49
Let g(v) = -v**2 - 13*v + 122. Let t be g(-20). Let l(k) = k**3 + 17*k**2 - 17*k + 26. Calculate l(t).
8
Let d(r) = -7*r - 2. Let w = -50 - -212. Let c = w - 161. Calculate d(c).
-9
Let i(g) = 521*g**2 - g + 3. Let l be i(1). Let p = l + -529. Let a(s) = s**3 + 8*s**2 + 4*s - 7. Give a(p).
41
Let u = 240 + -237. Let b(x) = -2*x**3 - 2*x**2 - 9*x - 11. Let f(i) = -3*i**3 - i**2 - 10*i - 12. Let v(h) = u*f(h) - 4*b(h). Give v(6).
8
Let j(i) = 21*i - 31. Suppose 0 = -7*x + 19*x - 72. Let n be j(x). Let a = -97 + n. Let h(y) = 4*y - 1. Give h(a).
-9
Let y be (32/(-6) + 4)/((-2)/12). Let d(s) = -8*s + 86*s**3 - 87*s**3 + 5*s**2 + y - 13*s**2. Let u = -22 + 15. Give d(u).
15
Let x(g) = 340*g - 2068. Let l be x(6). Let d(h) = 5*h + 134. Calculate d(l).
-6
Let z(y) be the first derivative of 9 - 1/24*y**4 - 1/24*y**5 + 0*y**2 + 0*y - 4*y**3. Let t(g) be the third derivative of z(g). Calculate t(1).
-6
Let p(r) = r**2 - 6*r - 26. Let f be p(9). Suppose -d + 2 = -q - 2*d, 0 = 4*d + 16. Let o(i) = 5*i**q - 5*i - 3*i + 7*i. Give o(f).
4
Let w(j) = -j**2 + 0 + 0*j + 2 + 3*j. Suppose -237 = 21680*f - 21759*f. Calculate w(f).
2
Let b be (-10 + 26 - 3) + -12. Let a(d) = 4*d - 2. Give a(b).
2
Let y(d) = 2*d**3 - 68*d**2 - 143*d - 37. Let a be y(36). Let h(w) = -5*w**3 + 2*w**2 + w - 1. Calculate h(a).
5
Suppose -424 - 880 = -8*r. Let k = 164 - r. Let j(l) = 3*l**2. Give j(k).
3
Let x(b) = -2*b**3 - 10*b**2 - 6*b - 8. Let n(u) = 3*u**3 + 15*u**2 + 5*u + 8. Let i(d) = -3*n(d) - 4*x(d). Determine i(-7).
43
Let u be (-592)/(-12) + 2 - (-1)/(-3). Let q(j) = 45*j - 3 + u*j - 101*j. What is q(-2)?
7
Let b(w) be the first derivative of -w**4/4 - 9*w**3 + 3*w**2/2 + 66*w - 5149. Determine b(-27).
-15
Let z(b) = -4*b + 5. Let l(j) = j**2 + 19*j + 19. Let m be l(-20). Suppose 3*w + m = 51. Determine z(w).
-11
Let y(w) = -15*w + 25. Let q be y(23). Let o = -319 - q. Let h(g) = -4*g + 2. What is h(o)?
-2
Let o = 95005 - 95011. Let y(w) = -5*w**3 + 12*w**2 + w - 5. Let h(v) = -6*v**3 + 13*v**2 + v - 5. Let r(d) = -6*h(d) + 7*y(d). Determine r(o).
-11
Let o(l) = -572 - 562 - 562 - 565 - 570 + 2*l + 2830 + l**2. Suppose 5*x - 5 = -0*x. Give o(x).
2
Let k(v) be the first derivative of 23*v**2/2 - 16*v - 755. Give k(1).
7
Let b(c) = -c**2 + 4*c + 7. Let a be b(-3). Let t(x) = 5*x + 25. Calculate t(a).
-45
Let s(l) = l**2 - 17*l + 8. Let j be 130/9 + (-1808)/4068. What is s(j)?
-34
Let b(g) be the second derivative of -5*g**4/8 + g**3/2 - 39*g**2 + 2*g - 32. Let w(i) be the first derivative of b(i). Give w(2).
-27
Suppose -9*r + 90 = 9*r. Let m(c) = 125*c - 77*c**2 - 127*c - r + 78*c**2. Suppose -5*q = 4*b - 39 + 11, 4 = 2*q - 2*b. Calculate m(q).
3
Let w(j) = -j**3 - 4*j**2 - 15*j - 156. Let q(h) = -186*h + 6318. Let k be q(34). Determine w(k).
6
Let c(k) = 1194730 - 5*k**2 - 36*k + 3*k**2 - 1194729 + 2*k**3 + 40*k. What is c(2)?
17
Let q(x) = -14*x - 10. Let a be (-79)/(-10) + (-5)/(-50) + -10. What is q(a)?
18
Let k(q) = 21*q + 2. Let f(w) = -30*w - 3. Let l(y) = -4*f(y) - 5*k(y). What is l(-1)?
-13
Let o(n) = -n. Suppose -13 = 2*m - 19. Suppose 2*x - 3 = -5*h, -2*h + x + m*x - 18 = 0. Calculate o(h).
1
Let c(m) = m**3 - 9*m**2 + 4*m - 31. Let n be (5865/39)/17 + -3*(-6)/117. What is c(n)?
5
Let m(n) be the second derivative of -n**5/20 - 2*n**4/3 + 4*n**3/3 - 13*n**2/2 - n. Suppose -28 = 2*q - t, 3003*t + 55 = -5*q + 3004*t. Determine m(q).
-4
Let m(r) = 27 + 9 - 4*r + 4*r + 4*r - 8*r. Give m(19).
-40
Let y(b) = b**3 - 19*b**2 - 21*b + 23. Let d = 26240 + -26220. What is y(d)?
3
Let m(r) be the first derivative of 3*r**2/2 - 8*r - 1. Suppose 0 = 5*u + c - 38, -5*u + 5*c - 10*c = -50. Suppose -u*l - 10 + 52 = 0. What is m(l)?
10
Suppose -4 = 3*m + 4*s, 3*m + 2 = -6*s + 4*s. Let z be m/(4 - 0) - -2. Let q(k) = 10*k**z - 11*k**2 - k + 3 - 2 + 3*k**2. What is q(1)?
2
Let s(a) = -3*a + 63. Let v = 25 - 5. Let w be s(v). Let u(l) = 6*l**3 - 5*l**3 - 5*l - w*l**2 + 3 + l. What is u(4)?
3
Let h(k) = -16*k**3 - 3*k**2 + k + 4. Let d be h(-1). Let g(q) = -q + 37. Calculate g(d).
21
Let o(c) be the second derivative of -2/3*c**3 + 69*c + 0 + 3*c**2 + 1/12*c**4. Give o(4).
6
Let k(w) = -2*w**3 + 4*w**2 - 47*w + 95. Let f = -8504 - -8506. What is k(f)?
1
Let s be (3 - 3)/((5 - (-46)/(-10))*5). Let w(l) = l + 12. Determine w(s).
12
Suppose -s + 11 = -3*a + 7, 2*a = -2*s - 16. Let d(m) = m + 6. What is d(a)?
3
Let r(g) = -2*g - 3. Let u = 65 + -63. Suppose -2*q + 4*w = u*q - 4, -5*q = -3*w - 1. Let k be r(q). Let y(x) = -27*x**3 - x**2 - x - 1. What is y(k)?
26
Let t(c) = -c**3 + 6*c**2 + 4*c - 2. Let j be 5/5 - (3 + -4)*(-16)/(-4). Give t(j).
43
Let h(b) = -b**3 - 14*b**2 + 45*b + 211. Let o be h(-16). Let a(r) = -12*r + 29. Give a(o).
-7
Let k(f) = f**3 + 5*f**2 - 1. Let c(w) = 4 - 10*w + 5*w + 42 + 15*w. Let d be c(-5). Calculate k(d).
15
Let h = 4 - 6. Let q(d) be the third derivative of -d**5/30 - d**4/8 + 10*d**2 + 4*d. What is q(h)?
-2
Let x be ((-208)/24)/2 + 4/(-6). Let m(c) = 52*c - 26*c - 24*c + 1. Calculate m(x).
-9
Let x(o) = o**3 - 4*o**2 + 2*o + 2. Let s be (-20)/(30/6) + 6. Suppose 3*k = 4*h - s + 6, h - 22 = -5*k. Determine x(h).
-2
Let z be 430/(-129)*18/15. Let y(a) be the first derivative of -2*a**3/3 - 5*a**2/2 + 3*a + 9. What is y(z)?
-9
Let d(h) = -10*h + 240. Let i = -20575 - -20598. Determine d(i).
10
Let y(n) = 2*n - 6. Let c(l) = -4*l + 11. Let k(s) = -4*c(s) - 7*y(s). Let m be (10/(-15))/((-10)/75). Determine k(m).
8
Let w = -43 + 47. Let z(r) = -w*r**2 - 10*r**2 - r - 11 + 6*r**2 + 10. Calculate z(2).
-35
Let h(i) = -i**2 + 8*i - 5. Suppose 0 = -27*z + 1880 - 746. Suppose 23*a + 133 = z*a. What is h(a)?
2
Let u = 108 + -105. Let w(q) = q. Let j(y) = -7*y - 7. Let h(p) = u*w(p) + j(p). What is h(5)?
-27
Let s(m) be the first derivative of -m**4/4 + 3*m**3 - 8*m**2 + 17*m + 1052. Determine s(7).
3
Let b(l) = 6*l**2 + 6*l + 2. Let c = 29295 - 29291. Determine b(c).
122
Let c(x) = -8*x**2 - 189*x + 32. L